{"id":22,"date":"2020-01-07T09:53:54","date_gmt":"2020-01-07T09:53:54","guid":{"rendered":"http:\/\/kojen-am-kanal.de\/?page_id=22"},"modified":"2023-07-25T17:16:37","modified_gmt":"2023-07-25T15:16:37","slug":"startseite","status":"publish","type":"page","link":"https:\/\/kojen-am-kanal.de\/","title":{"rendered":""},"content":{"rendered":"\n<h2 class=\"wp-block-heading has-vivid-red-color has-text-color\"><\/h2>\n\n\n\n<h1 class=\"wp-block-heading has-text-align-center has-vivid-cyan-blue-color has-text-color\"><strong>Herrliche Ferien mit Blick auf  tolle Schiffe<\/strong><\/h1>\n\n\n\n<p>Seit dem 1. Mai 2020 werden die &#8222;Kojen am Kanal&#8220; als j\u00fcngstes Urlaubsangebot mit modernen Ferienwohnungen das touristische Angebot in Sehestedt erweitern. In zwei attraktiven H\u00e4usern im n\u00f6rdlichen Ortsteil, direkt am Nord-Ostsee-Kanal gelegen, werden neben vier Miet-Appartments auch vier attraktive Ferienwohnungen angeboten.<\/p>\n\n\n\n<figure class=\"wp-block-image size-large\"><img loading=\"lazy\" decoding=\"async\" width=\"1024\" height=\"235\" src=\"https:\/\/kojen-am-kanal.de\/wp-content\/uploads\/2023\/07\/Pano-aussen-m-Freya2-F-whe-1024x235.jpg\" alt=\"\" class=\"wp-image-532\" srcset=\"https:\/\/kojen-am-kanal.de\/wp-content\/uploads\/2023\/07\/Pano-aussen-m-Freya2-F-whe-1024x235.jpg 1024w, https:\/\/kojen-am-kanal.de\/wp-content\/uploads\/2023\/07\/Pano-aussen-m-Freya2-F-whe-300x69.jpg 300w, https:\/\/kojen-am-kanal.de\/wp-content\/uploads\/2023\/07\/Pano-aussen-m-Freya2-F-whe-768x176.jpg 768w, https:\/\/kojen-am-kanal.de\/wp-content\/uploads\/2023\/07\/Pano-aussen-m-Freya2-F-whe-1536x353.jpg 1536w, https:\/\/kojen-am-kanal.de\/wp-content\/uploads\/2023\/07\/Pano-aussen-m-Freya2-F-whe-2048x470.jpg 2048w\" sizes=\"auto, (max-width: 1024px) 100vw, 1024px\" \/><figcaption class=\"wp-element-caption\">Beste Sicht auf vorbeiziehende Schiffe, wie hier auf den Salondampfer &#8222;Freya&#8220;.<\/figcaption><\/figure>\n\n\n\n<p>Der Bau des Nord-Ostsee-Kanal von 1887 bis 1895 hatte f\u00fcr Sehestedt im wahrsten Sinne des Wortes eine einschneidende Bedeutung. Seither trennt die meistbefahrene k\u00fcnstliche Wasserstra\u00dfe der Erde das Dorf in einen S\u00fcd- und Nordteil. Mit einer L\u00e4nge von 93,65 km verbindet der Kanal \u00fcber die Elbe bei Brunsb\u00fcttel die Nordsee mit der Ostsee bei Kiel-Holtenau und erspart der Schifffahrt damit den Umweg rund um J\u00fctland mit rund 250 Nautischen Meilen, also etwa 450 Kilometer. Waren f\u00fcr seinen Bau urspr\u00fcnglich milit\u00e4r-strategische Gr\u00fcnde ma\u00dfgeblich, steht heute der Warenverkehr mit den Ostsee-Anrainerstaaten und der \u00fcbrigen Welt im Vordergrund. <br>In Sehestedt verbindet eine F\u00e4hre als kostenlose Verbindung f\u00fcr Fu\u00dfg\u00e4nger, Radfahrer und Kraftfahrzeuge beide Ortsteile.<\/p>\n\n\n<div class=\"wp-block-image\">\n<figure class=\"aligncenter size-large\"><img loading=\"lazy\" decoding=\"async\" width=\"1024\" height=\"612\" src=\"https:\/\/kojen-am-kanal.de\/wp-content\/uploads\/2020\/05\/KaK-Holger-1-1024x612.jpg\" alt=\"\" class=\"wp-image-394\" srcset=\"https:\/\/kojen-am-kanal.de\/wp-content\/uploads\/2020\/05\/KaK-Holger-1-1024x612.jpg 1024w, https:\/\/kojen-am-kanal.de\/wp-content\/uploads\/2020\/05\/KaK-Holger-1-300x179.jpg 300w, https:\/\/kojen-am-kanal.de\/wp-content\/uploads\/2020\/05\/KaK-Holger-1-768x459.jpg 768w, https:\/\/kojen-am-kanal.de\/wp-content\/uploads\/2020\/05\/KaK-Holger-1-1536x918.jpg 1536w, https:\/\/kojen-am-kanal.de\/wp-content\/uploads\/2020\/05\/KaK-Holger-1.jpg 1600w\" sizes=\"auto, (max-width: 1024px) 100vw, 1024px\" \/><figcaption class=\"wp-element-caption\">In bester Lage<\/figcaption><\/figure><\/div>\n\n\n<p>Der Kanal besitzt f\u00fcr Einwohner und G\u00e4ste gleicherma\u00dfen gro\u00dfe Attraktivit\u00e4t und hat Sehestedt inzwischen zu einem der beliebtesten Ausflugsziele in Schleswig-Holstein werden lassen. Im Sommerhalbjahr passieren mehrmals w\u00f6chentlich Traumschiffe mit klangvollen Namen wie &#8222;Europa&#8220;, &#8222;Aidacara&#8220;, &#8222;The World&#8220; oder auch das Fernseh-Traumschiff &#8222;Amadea&#8220; den Kanal. Ansonsten dominieren Frachtschiffe aller Typen die  Wasserstra\u00dfe und locken ebenfalls Ausfl\u00fcgler und Ferieng\u00e4ste an. Aktuelle Informationen \u00fcber die Passagezeiten der Traumschiffe bietet das Online-Portal&nbsp;<a rel=\"noreferrer noopener\" href=\"http:\/\/www.traumschiffe-im-kanal.de\/\" target=\"_blank\">Traumschiffe im NOK<\/a><\/p>\n\n\n<div class=\"wp-block-image\">\n<figure class=\"aligncenter size-large\"><img loading=\"lazy\" decoding=\"async\" width=\"1024\" height=\"638\" src=\"https:\/\/kojen-am-kanal.de\/wp-content\/uploads\/2020\/05\/Blick-Richtung-Sueden-mit-Tanker-whe_aussschnitt_bearbeitet-1-1024x638.jpg\" alt=\"\" class=\"wp-image-409\" srcset=\"https:\/\/kojen-am-kanal.de\/wp-content\/uploads\/2020\/05\/Blick-Richtung-Sueden-mit-Tanker-whe_aussschnitt_bearbeitet-1-1024x638.jpg 1024w, https:\/\/kojen-am-kanal.de\/wp-content\/uploads\/2020\/05\/Blick-Richtung-Sueden-mit-Tanker-whe_aussschnitt_bearbeitet-1-300x187.jpg 300w, https:\/\/kojen-am-kanal.de\/wp-content\/uploads\/2020\/05\/Blick-Richtung-Sueden-mit-Tanker-whe_aussschnitt_bearbeitet-1-768x478.jpg 768w, https:\/\/kojen-am-kanal.de\/wp-content\/uploads\/2020\/05\/Blick-Richtung-Sueden-mit-Tanker-whe_aussschnitt_bearbeitet-1-1536x957.jpg 1536w, https:\/\/kojen-am-kanal.de\/wp-content\/uploads\/2020\/05\/Blick-Richtung-Sueden-mit-Tanker-whe_aussschnitt_bearbeitet-1-2048x1276.jpg 2048w\" sizes=\"auto, (max-width: 1024px) 100vw, 1024px\" \/><figcaption class=\"wp-element-caption\">Dicht bei den gro\u00dfen Schiffen<\/figcaption><\/figure><\/div>\n\n\n<figure class=\"wp-block-image size-large\"><img loading=\"lazy\" decoding=\"async\" width=\"1024\" height=\"576\" src=\"https:\/\/kojen-am-kanal.de\/wp-content\/uploads\/2020\/05\/Daggi-Lina-Balkon5-whe-1024x576.jpg\" alt=\"\" class=\"wp-image-371\" srcset=\"https:\/\/kojen-am-kanal.de\/wp-content\/uploads\/2020\/05\/Daggi-Lina-Balkon5-whe-1024x576.jpg 1024w, https:\/\/kojen-am-kanal.de\/wp-content\/uploads\/2020\/05\/Daggi-Lina-Balkon5-whe-300x169.jpg 300w, https:\/\/kojen-am-kanal.de\/wp-content\/uploads\/2020\/05\/Daggi-Lina-Balkon5-whe-768x432.jpg 768w, https:\/\/kojen-am-kanal.de\/wp-content\/uploads\/2020\/05\/Daggi-Lina-Balkon5-whe.jpg 1067w\" sizes=\"auto, (max-width: 1024px) 100vw, 1024px\" \/><\/figure>\n\n\n\n<figure class=\"wp-block-image size-large\"><img loading=\"lazy\" decoding=\"async\" width=\"1024\" height=\"576\" src=\"https:\/\/kojen-am-kanal.de\/wp-content\/uploads\/2020\/02\/Schiffe-Faehre-Sehestedt-whe-1024x576.jpg\" alt=\"\" class=\"wp-image-235\" srcset=\"https:\/\/kojen-am-kanal.de\/wp-content\/uploads\/2020\/02\/Schiffe-Faehre-Sehestedt-whe-1024x576.jpg 1024w, https:\/\/kojen-am-kanal.de\/wp-content\/uploads\/2020\/02\/Schiffe-Faehre-Sehestedt-whe-300x169.jpg 300w, https:\/\/kojen-am-kanal.de\/wp-content\/uploads\/2020\/02\/Schiffe-Faehre-Sehestedt-whe-768x432.jpg 768w, https:\/\/kojen-am-kanal.de\/wp-content\/uploads\/2020\/02\/Schiffe-Faehre-Sehestedt-whe.jpg 1067w\" sizes=\"auto, (max-width: 1024px) 100vw, 1024px\" \/><\/figure>\n\n\n\n<figure class=\"wp-block-image size-large\"><img loading=\"lazy\" decoding=\"async\" width=\"1024\" height=\"665\" src=\"https:\/\/kojen-am-kanal.de\/wp-content\/uploads\/2020\/04\/Wohnzimmer-whe-080420_bearbeitet-1-1024x665.jpg\" alt=\"\" class=\"wp-image-345\" srcset=\"https:\/\/kojen-am-kanal.de\/wp-content\/uploads\/2020\/04\/Wohnzimmer-whe-080420_bearbeitet-1-1024x665.jpg 1024w, https:\/\/kojen-am-kanal.de\/wp-content\/uploads\/2020\/04\/Wohnzimmer-whe-080420_bearbeitet-1-300x195.jpg 300w, https:\/\/kojen-am-kanal.de\/wp-content\/uploads\/2020\/04\/Wohnzimmer-whe-080420_bearbeitet-1-768x499.jpg 768w, https:\/\/kojen-am-kanal.de\/wp-content\/uploads\/2020\/04\/Wohnzimmer-whe-080420_bearbeitet-1-1536x997.jpg 1536w, https:\/\/kojen-am-kanal.de\/wp-content\/uploads\/2020\/04\/Wohnzimmer-whe-080420_bearbeitet-1-2048x1330.jpg 2048w\" sizes=\"auto, (max-width: 1024px) 100vw, 1024px\" \/><\/figure>\n\n\n\n<figure class=\"wp-block-image size-large\"><img loading=\"lazy\" decoding=\"async\" width=\"1024\" height=\"504\" src=\"https:\/\/kojen-am-kanal.de\/wp-content\/uploads\/2020\/02\/MT-mit-NOK-Sonne-Gear360-whe-1024x504.jpg\" alt=\"\" class=\"wp-image-261\" srcset=\"https:\/\/kojen-am-kanal.de\/wp-content\/uploads\/2020\/02\/MT-mit-NOK-Sonne-Gear360-whe-1024x504.jpg 1024w, https:\/\/kojen-am-kanal.de\/wp-content\/uploads\/2020\/02\/MT-mit-NOK-Sonne-Gear360-whe-300x148.jpg 300w, https:\/\/kojen-am-kanal.de\/wp-content\/uploads\/2020\/02\/MT-mit-NOK-Sonne-Gear360-whe-768x378.jpg 768w, https:\/\/kojen-am-kanal.de\/wp-content\/uploads\/2020\/02\/MT-mit-NOK-Sonne-Gear360-whe-1536x755.jpg 1536w, https:\/\/kojen-am-kanal.de\/wp-content\/uploads\/2020\/02\/MT-mit-NOK-Sonne-Gear360-whe-2048x1007.jpg 2048w\" sizes=\"auto, (max-width: 1024px) 100vw, 1024px\" \/><\/figure>\n\n\n\n<figure class=\"wp-block-image size-large\"><img loading=\"lazy\" decoding=\"async\" width=\"1024\" height=\"612\" src=\"https:\/\/kojen-am-kanal.de\/wp-content\/uploads\/2020\/05\/KaK-Holger-1024x612.jpg\" alt=\"\" class=\"wp-image-392\" srcset=\"https:\/\/kojen-am-kanal.de\/wp-content\/uploads\/2020\/05\/KaK-Holger-1024x612.jpg 1024w, https:\/\/kojen-am-kanal.de\/wp-content\/uploads\/2020\/05\/KaK-Holger-300x179.jpg 300w, https:\/\/kojen-am-kanal.de\/wp-content\/uploads\/2020\/05\/KaK-Holger-768x459.jpg 768w, https:\/\/kojen-am-kanal.de\/wp-content\/uploads\/2020\/05\/KaK-Holger-1536x918.jpg 1536w, https:\/\/kojen-am-kanal.de\/wp-content\/uploads\/2020\/05\/KaK-Holger.jpg 1600w\" sizes=\"auto, (max-width: 1024px) 100vw, 1024px\" \/><\/figure>\n","protected":false},"excerpt":{"rendered":"<p>Herrliche Ferien mit Blick auf tolle Schiffe Seit dem 1. Mai 2020 werden die &#8222;Kojen am Kanal&#8220; als j\u00fcngstes Urlaubsangebot mit modernen Ferienwohnungen das touristische Angebot in Sehestedt erweitern. In zwei attraktiven H\u00e4usern im n\u00f6rdlichen Ortsteil, direkt am Nord-Ostsee-Kanal gelegen, <a href=\"https:\/\/kojen-am-kanal.de\/\" class=\"read-more\">Weiterlesen<\/a><\/p>\n","protected":false},"author":1,"featured_media":0,"parent":0,"menu_order":0,"comment_status":"closed","ping_status":"closed","template":"","meta":{"ngg_post_thumbnail":0,"footnotes":""},"class_list":["post-22","page","type-page","status-publish","hentry"],"_links":{"self":[{"href":"https:\/\/kojen-am-kanal.de\/index.php?rest_route=\/wp\/v2\/pages\/22","targetHints":{"allow":["GET"]}}],"collection":[{"href":"https:\/\/kojen-am-kanal.de\/index.php?rest_route=\/wp\/v2\/pages"}],"about":[{"href":"https:\/\/kojen-am-kanal.de\/index.php?rest_route=\/wp\/v2\/types\/page"}],"author":[{"embeddable":true,"href":"https:\/\/kojen-am-kanal.de\/index.php?rest_route=\/wp\/v2\/users\/1"}],"replies":[{"embeddable":true,"href":"https:\/\/kojen-am-kanal.de\/index.php?rest_route=%2Fwp%2Fv2%2Fcomments&post=22"}],"version-history":[{"count":53,"href":"https:\/\/kojen-am-kanal.de\/index.php?rest_route=\/wp\/v2\/pages\/22\/revisions"}],"predecessor-version":[{"id":544,"href":"https:\/\/kojen-am-kanal.de\/index.php?rest_route=\/wp\/v2\/pages\/22\/revisions\/544"}],"wp:attachment":[{"href":"https:\/\/kojen-am-kanal.de\/index.php?rest_route=%2Fwp%2Fv2%2Fmedia&parent=22"}],"curies":[{"name":"wp","href":"https:\/\/api.w.org\/{rel}","templated":true}]}}